-2
Calculate -6 - (0 - (7 - 4)).
-3
0 + -4 + (4 - 8 - -6)
-2
Evaluate -4 - (-3 + -3 - -3).
-1
What is the value of -5 - ((-12 - (-3 + -2)) + 3)?
-1
Evaluate 5 + 2 + -6 + -3.
-2
Evaluate -4 + 0 + 2 - 3.
-5
Calculate 9 + -9 + (-1 - 4 - -10).
5
What is the value of -2 + (-3 - 1 - -2) - -4?
0
What is the value of 8 + -4 - (0 + 3 + -3)?
4
Calculate 0 + 7 + -1 + -1.
5
Calculate -2 + 5 + 3 - 3.
3
Calculate 2 + -5 + (0 - -7) - 7.
-3
Evaluate -5 + (4 + -4 - -1) + 2.
-2
Calculate 0 + -1 + (11 - 11).
-1
What is the value of (16 - 18) + (1 - -3)?
2
(-5 - -1) + 2 - 0
-2
What is the value of 4 + (5 - -3 - 17)?
-5
Evaluate 7 - 1 - (-10 - (-8 + -5)).
3
What is the value of -3 + (2 - (-5 + 3))?
1
Evaluate (-25 - -3) + 13 + (-1 - -6).
-4
1 + 7 + -3 - (11 - 6)
0
4 + -5 - (-16 + 22)
-7
What is 2 - (1 + -4 + 0)?
5
What is -4 + (8 - (-9 - -17))?
-4
What is the value of -7 + (-4 - 0) + (90 - 85)?
-6
What is the value of 0 + (8 - 3) + 8 + -15?
-2
What is the value of -1 - 1 - ((2 - 6) + 0)?
2
Evaluate 5 + -4 + (-2 - -1).
0
(-4 + 3 - 2) + 2
-1
-7 + 7 - (-1 + 6)
-5
What is -4 - (2 - 4) - (-1 - -3)?
-4
Calculate 1 + 1 - (5 + 1).
-4
Calculate 2 + -1 + 5 - (2 - -2).
2
What is the value of 4 - (-8 - (-6 + 3) - -6)?
3
What is -7 - (12 - (11 + 5))?
-3
What is the value of (-6 - (-4 + 4)) + 4?
-2
What is 3 + (1 - (0 + 0))?
4
What is 2 + (-3 - ((-1 - -2) + 3))?
-5
What is 4 + -2 + 3 + -142 + 140?
3
What is the value of (1 - (0 + 4)) + (3 - 3)?
-3
Calculate 30 - 39 - (0 - 6).
-3
What is (4 - (2 + 2 + -1)) + 1?
2
What is the value of 1 + (-1 - (-6 + -3)) + -4?
5
What is -4 + (-2 + 2 - -3)?
-1
What is -10 + -2 - (-69 - -59)?
-2
2 + -4 + -4 + 5
-1
Evaluate (-3 - (-5 + -2)) + (0 - 9).
-5
Evaluate -2 + (10 - (7 - 1)).
2
What is 2 + 0 + -4 + 2?
0
What is the value of 7 - (14 + 0 + -3)?
-4
Calculate 5 + (-11 - -19) + -14.
-1
What is -5 + -3 + 8 + 7?
7
Evaluate -7 + -4 + 9 - (-4 + 8).
-6
What is the value of -4 - ((2 - 1) + (-6 - -2))?
-1
What is the value of 0 + 2 + (1 - 19) + 19?
3
-3 + (-9 - (-2 - 4)) + 12
6
Evaluate 7 + (-8 - (4 + -5)).
0
Calculate 12 + -13 + (-3 - -1).
-3
-10 + 6 + 2 - -4
2
Evaluate -24 + 29 + -3 + -1.
1
What is the value of -28 - -23 - (-8 + -3)?
6
Calculate -9 + 5 - -15 - 5.
6
Evaluate 2 - (0 + 0 + 3 + -6).
5
What is -1 - (4 - (-2 - -4))?
-3
What is the value of -10 - -6 - (-4 - -5)?
-5
5 + -4 + -3 + -2 + -1
-5
What is the value of (-7 - -2) + (9 - 9)?
-5
Evaluate -4 - (-2 + -2 + -3).
3
What is the value of (10 + -8 - -9) + -11?
0
What is (-2 + -1 - -4) + 0 - 4?
-3
Evaluate (38 - 35) + -7 + -3.
-7
What is -2 - (2 - 5) - 1 - 4?
-4
What is the value of -1 + 0 - 6 - (3 + -4)?
-6
What is 6 - (0 - (4 + -6))?
4
Evaluate (-8 - 8 - -2) + 14.
0
Calculate 14 + -12 + 4 - 11.
-5
What is the value of -3 + 1 + 12 + -6?
4
Evaluate (-18 - -7) + 10 - 0.
-1
Evaluate (1 - (5 + -6)) + -2.
0
0 + 0 + -1 + -4
-5
-5 + 3 + 6 + (-1 - 4)
-1
Calculate -5 - (12 - 14 - (1 + 0)).
-2
What is the value of -5 - (-4 - (9 + -4))?
4
What is -8 + (-6 - ((-5 - 9) + 7))?
-7
Calculate (-2 - 1) + 6 + 0.
3
Calculate -1 - (-2 + 3 + 2 + -5).
1
What is the value of 11 - 9 - (1 + (0 - 2))?
3
1 - (1 - (5 - 2))
3
Calculate -5 + (8 - (13 - 6)).
-4
(-4 - 0) + -5 + 7
-2
Evaluate -5 - -3 - (4 - -3).
-9
What is 3 + (0 - 4) + (-3 - -3)?
-1
What is the value of 6 - (3 - 1) - 4?
0
Evaluate -4 + (4 - 0) - (-1 + -3).
4
What is the value of (-1 - 0) + -1 + (-3 - -1)?
-4
Calculate (-6 - -8) + -1 - 2.
-1
What is (0 - (10 - -2)) + 16?
4
What is -3 + -2 + (4 - 3)?
-4
What is the value of (-5 - (0 - (-9 + 8))) + 3?
-3
What is 0 + -5 - (-8 + -1)?
4
Calculate -5 - 0 - (-24 + 17).
2
Calculate -3 + (0 - (-4 - 0)).
1
Calculate (-12 - 1) + (103 - 89).
1
Calculate -3 + 3 + 4 + -1.
3
(-3 + 7 - (2 - 0)) + -5
-3
Evaluate 6 + -10 + (-1 - -5).
0
Calculate 0 - (-4 - 5 - -3 - -4).
2
Evaluate 3 + (-6 - -12 - (6 + 1)).
2
What is (11 - 11) + (-2 + 3 - 7)?
-6
(-5 - -2) + (-2 - -3)
-2
What is the value of 0 - (8 - 4) - -8?
4
What is 1 - -1 - (8 - (18 - 7))?
5
Evaluate 3 + 1 - (12 - 7).
-1
Evaluate 9 - (8 + -9 - (-2 + -2)).
6
Evaluate 4 - (-1 - (2 + -8)).
-1
-3 + 5 + -1 + 2
3
18 + (-5 - 2) + -2 + -6
3
What is the value of (27 - 29) + (6 - (-2 + 1))?
5
Calculate (-3 - 3) + 2 + 5 + 3.
4
Calculate 4 + (-4 - (-6 - -3)).
3
What is the value of 1 - ((6 - 2) + -7)?
4
Calculate (-1 - 0) + (-2 + 6 - -2).
5
What is 5 - 1 - (-4 + 12 + -5)?
1
Calculate -2 + 2 + 2 + -1 + 5.
6
Calculate 3 + -2 - (-1 + 5 + -8).
5
Evaluate (-1 + 5 - (-2 - -9)) + 0.
-3
Evaluate -2 + 4 + (-4 - -5 - -2).
5
What is the value of 0 + (3 - (3 + -9)) + -4?
5
-1 + -1 + (-3 + 1 - -2)
-2
What is (9 - (-9 + (28 - 1))) + 3?
-6
Calculate (-9 - (-4 + -1) - -7) + 5.
8
What is the value of -2 + (2 - (-2 + 3 - -2))?
-3
(1 - -1) + -8 + 11 + -9
-4
-5 - (-2 - (4 + -4) - 5)
2
5 - (3 - (-10 - -5))
-3
Calculate -22 + 16 - (-8 - 5).
7
6 + 2 + -3 + 0
5
What is 1 + (-1 - -3) - (-49 + 46)?
6
What is the value of (-8 - (-2 + (6 - 6))) + 13?
7
Evaluate -3 - ((-3 - -2) + (-2 - -5)).
-5
Calculate -1 - 0 - (3 - (1 - -3)).
0
Calculate -9 - (-3 + -1) - -3 - 2.
-4
What is -3 + -5 - -15 - 4?
3
Evaluate (-4 - (-11 - (10 - 4))) + -6.
7
Evaluate 0 + (1 - 0) + (52 - 48).
5
What is (-1 - -3) + (-14 - -15)?
3
What is (-7 - -7) + (3 - 0)?
3
-18 + 18 + (-1 - -2) + -2
-1
Evaluate -6 + (8 - (6 + -1)) + 2.
-1
Evaluate 4 + -1 + (-5 - (-1 + -5)).
4
-5 + 2 + (-9 - -10)
-2
Calculate (-7 - -2) + 2 + (-15 - -22).
4
What is (4 - 0 - 3) + (2 - 1)?
2
What is -3 + 2 + 7 + -10?
-4
14 + (-8 - 8 - -9)
7
Calculate -3 - (3 - (4 + -2) - 8).
4
What is the value of 0 + (2 - (2 - (-2 + 2)))?
0
1 + (-12 - -6) + 5
0
Evaluate 39 - 33 - (6 - 0).
0
What is the value of -2 + -4 + 9 + -5 - 5?
-7
What is (-6 + 2 - -1) + -24 + 27?
0
-4 - (5 + -7 + -2)
0
Calculate 5 + (-5 - (-5 - -1 - -9)).
-5
What is the value of -12 - (-11 + 5 - -1)?
-7
14 + (-10 - 8 - -6 - -4)
6
Evaluate (-4 - 1) + (6 - 5).
-4
What is the value of (3 - 8 - -2) + 1?
-2
Calculate -1 + 2 - (0 - 1).
2
What is -2 + 8 - (-3 + 4 + 1)?
4
What is (-12 - -5) + 3 + -2 + 1?
-5
What is -1 - -1 - 1 - -1?
0
13 + -1 - (77 - 67)
2
Evaluate 3 - (5 - 5 - -3).
0
What is the value of (6 - (0 + 8)) + -3?
-5
4 - (-2 + -2 + 5)
3
Calculate -1 - -2 - (-3 - -4).
0
What is -4 - -3 - -3 - (-1 - -9)?
-6
Calculate 8 + (11 - 10) - (0 + 5).
4
-5 - -3 - (0 + 2)
-4
What is the value of 4 + -3 + (3 - 7)?
-3
What is 4 + (-4 - (-2 + 1)) + -7?
-6
Evaluate 0 + -2 - (12 - 22).
8
Calculate 3 - 4 - -5 - (1 + 6).
-3
Calculate 1 - -2 - (-30 + 22).
11
58 + -51 + (-1 - 9) + 2
-1
Calculate 4 + 5 + -6 - 12.
-9
What is -4 - -9 - -2 - 8?
-1
Calculate 28 + -32 + (13 - 4).
5
What is the value of -9 + 10 + (-9 - -3)?
-5
What is 2 + (2 - (3 + 1)) + 5?
5
What is the value of 0 + 1 - (-2 - (-1 - 7))?
-5
Calculate 10 + -11 - (4 + 1).
-6
Calculate -7 - 4 - -15 - (-2 + 3).
3
(10 - 0) + (-14 - -12)
8
Evaluate -1 + 0 + (-4 - -7).
2
Calculate 2 + -5 - -5 - 5 - 1.
-4
Evaluate 7 + -5 + 6 + (-1 - 2).
5
What is (0 - 6) + (27 - 25)?
-4
Evaluate -5 + 2 + 4 + (-7 - -4).
-2
Calculate 3 - 8 - ((5 - 2) + -2).
-6
-12 + 13 - (-2 - 0)
3
What is (2 - 4) + -2 + 3?
-1
What is the value of -6 + (-3 - (-3 + -3))?
-3
Calculate -1 - -3 - (-8 - (2 + -5)).
7
What is -29 - -39 - (5 - 1) - 0?
6
What is -6 + (19 - 12 - -3)?
4
3 - (-9 + (5 - 7)) - 7
7
What is the value of 0 - (2 + -5 - 1)?
4
Calculate -6 - (8 + -10 - 2).
-2
What is the value of -4 + (1 - (0 - -5)) + 12?
4
Evaluate -1 - 4 - (-2 + 5 + -13).
5
What is the value of 0 - -3 - (1 + 1)?
1
Evaluate 0 + 2 + (-2 + -3 - -6).
3
-2 - (15 + -8 + (-3 - 0))
-6
Calculate (119 - 119) + -1 + 5.
4
Calculate (1 - (1 + 4)) + 6.
2
Calculate 5 + (1 - 5) + -1.
0
Evaluate 1 - 4 - (45 - 43).
-5
What is -5 + -9 - (-16 - -7)?
-5
What is the value of 2 + 5 + (12 - 10)?
9
Calculate 3 - (-3 - -8 - 1).
-1
Evaluate (-11 - -13 - (0 + -1)) + -8.
-5
-9 + (-1 - 2 - -9)
-3
What is (-7 - 0) + 14 + -34 + 19?
-8
6 + (-3 - 1 - 3)
-1
What is (-80 - -86) + (2 - 11 - -2)?
-1
What is 9 + (6 - (-4 + 21))?
-2
What is the value of -13 + 13 + 10 + (-6 - -1)?
5
Evaluate (-3 - 1 - -1 - -5) + -3.
-1
What is the value of 45 - 34 - (11 - 0)?
0
What is the value of 0 + 8 + 0 + -5?
3
What is (2 + -2 - -2) + -2 - -2?
2
What is the value of 1 + -19 + 8 + (3 - -1)?
-6
Evaluate (0 - 11) + (-60 - -64).
-7
What is the value of -4 + (11 - (-9 + 6)) + 1?
11
Calcula